me number?
False
Suppose -w + 70629 = 4*z, -3*w + 87368 = 5*z - 920. Is z composite?
False
Let t = -31 - -43. Suppose 5*s = t - 2. Suppose -q + 18 = s*q. Is q a prime number?
False
Let t be 0 - (-5 - -2) - -37. Suppose -t + 12 = -f. Suppose 2*o - 570 = -2*p, -2*p + f = -2*o + 606. Is o composite?
True
Let f = 138 + 0. Suppose 340 = -2*a - 2*a. Let v = f + a. Is v composite?
False
Is (214919/(-29))/(1 + (-6)/4) a composite number?
True
Suppose 0 = -6*c - 0*c. Suppose 3*j - j - v - 231 = c, -v = 2*j - 229. Is j a composite number?
True
Let c be -3 - (-291 - 0 - 1). Suppose -5*h = -c - 606. Is h composite?
False
Let a(c) = -4*c**3 + 2*c + 2 + 2*c**3 + c**3. Let d be a(-2). Is ((-753)/d)/((-1)/2) a composite number?
False
Is 874/4 - 6/(-12) composite?
True
Let o(i) = i**3 + 15*i**2 + 32*i + 7. Is o(10) a prime number?
False
Suppose 21*u - 6737 = 54100. Is u composite?
False
Suppose 822 = -9*m - 96. Let t = m + 551. Is t a composite number?
False
Suppose 2489 + 4029 = 2*u + 4*p, 13046 = 4*u + 3*p. Is u a composite number?
True
Let l be (2 + -3)/(50/(-15) - -3). Suppose -644 = -4*i + 3*t + 617, -i - l*t + 334 = 0. Is i prime?
False
Let f(y) = 2 - 7 + 34*y**2 - 7*y + 70*y**2 + 1. Is f(-3) composite?
False
Let v be 558 - (-4 + 0/(-1)). Let o = v - 938. Let t = -81 - o. Is t prime?
False
Let c = 676 + 870. Is c composite?
True
Let v(s) = s**2 - 20*s + 16. Let c be v(16). Let a = 175 + c. Is a prime?
True
Suppose 4*s + 73 - 1 = 0. Suppose i - 3 = -4*h, -5*h - 3*i + i = 0. Is (12/s)/(h/(-171)) a prime number?
False
Let a(y) = 2*y**3 + 5*y**3 - 7*y - 19 - 57*y**2 - 6*y**3 + 69*y**2. Is a(-10) composite?
False
Let s = 19 - 11. Suppose 0*i - 4*i = 5*k + 32, -2*k = -s. Is (1 - 14)*(2 + i) prime?
False
Let t = 2 + 2. Suppose -t*f - 345 = -9*f. Suppose -2*q - q = -f. Is q a prime number?
True
Suppose 0*r - r + 87 = -2*o, r - 5*o = 96. Suppose 4 = -2*y - 0*y. Is (y - (r - -2))/(-1) prime?
False
Suppose 1070 = -0*v + v. Let m = v - 621. Is m a prime number?
True
Suppose -5*t - 13 = 407. Let m = t - -119. Let s = 198 + m. Is s prime?
True
Let k be 1/(-3) + (-766037)/(-51). Suppose 0 = -97*r + 101*r - k. Is r a prime number?
False
Is 0/5 - (2 - 69) a composite number?
False
Suppose -3*b = -6, -k + 23 = 2*k + b. Let u = k + 5. Is (870/u)/(3/6) composite?
True
Let q be (-7)/(-7)*(-64)/(-2). Suppose 0 = 3*t + 17 - q. Suppose t*c - 745 = -0*c. Is c a composite number?
False
Let f(y) = 53481*y**2 + 16*y - 21. Is f(2) composite?
True
Let c(b) = 2*b + 23. Let j be c(-9). Suppose j*u - 31 = -1. Is (-130)/(-15)*u/4 composite?
False
Let c(w) = w**3 + 15*w**2 + 7*w - 3. Let j be c(-13). Suppose 46 = -4*z - 3*o + j, 0 = -3*z - o + 151. Is z a prime number?
False
Suppose 4760 - 840 = 2*c + m, -3*c + 5885 = 4*m. Is c prime?
False
Is (-2 - -361)*11/33*201 composite?
True
Let x(g) = 6762*g**3 - 2*g**2 - 4*g + 5. Is x(1) composite?
False
Let u(v) = 493*v**3 + v**2 + v - 1. Let k be u(1). Suppose 0 = 3*b - k - 757. Suppose q + q + 5*r = b, -2*q + r = -423. Is q composite?
False
Let p(u) = 70*u**2 - 7*u + 19. Is p(4) a composite number?
True
Suppose -13 - 656 = -3*s. Is s a prime number?
True
Let y be -7*-118*(-1 - 0). Let i = 1511 + y. Is i a prime number?
False
Suppose 0 = j + 2*r + 6, -r + 2*r = -5*j - 12. Let b be 3 + 34*2 + j. Let l = b + 80. Is l prime?
True
Suppose x + 16 = 5*u, 24 + 9 = 2*x + 3*u. Suppose x*b = 14*b - 20. Suppose 5*m + 2*l + 49 = 256, -2*m = b*l - 70. Is m a composite number?
False
Let i(m) = -3*m - 5. Let t be i(-5). Let f(o) = o**3 - 11*o**2 + 11*o - 8. Let n be f(t). Suppose 2*s = 4*z - 392, n*s = z - 3*z + 190. Is z a prime number?
True
Let f = 65094 + -25595. Is f composite?
False
Let c = -5676 - -3090. Let v = -1003 - c. Is v a prime number?
True
Let w(m) = m**2 + 12*m - 8. Let c be w(-13). Suppose 6 = c*r - 4. Is (-1 - -2) + 76 + r composite?
False
Let g(u) = 118*u**2 - u - 48. Is g(5) prime?
True
Suppose -15*z + 8134 = -5036. Is z a prime number?
False
Suppose -h = c - 20, 73 = 5*h - 2*c - 2*c. Let a = 17 - h. Suppose a = 4*q - 146 - 114. Is q composite?
True
Let p(b) = 336*b**2 - 12*b + 19. Let v(w) = 168*w**2 - 6*w + 10. Let r(a) = 3*p(a) - 5*v(a). Is r(4) a composite number?
False
Let b(g) = -g**2 + 8*g + 5. Let p be b(7). Let d(f) = 27*f + 7. Let q be d(p). Is 9 - 9 - -1*q prime?
True
Let p(t) = 2*t. Let r be p(6). Let q = r + -8. Suppose g - q*g = -633. Is g a prime number?
True
Suppose -5 = s, -3*t + 5*s + 13 + 15 = 0. Suppose 5*p - 103 = 2*h, 3*h + 11 = -t. Is p prime?
True
Suppose 0 = 5*z - 17 + 2. Is 30/(-18)*-201 - (z + 1) composite?
False
Suppose -5*p + p + 34584 = 0. Suppose -b = 3*c - p, 0 = c + c + b - 5764. Let d = c + -1105. Is d a prime number?
True
Let m = -17 + 24. Suppose -m*d = -9*d + 2554. Is d prime?
True
Let u(d) = -d**2 + 7*d + 5. Let w be u(7). Suppose 2185 = w*i - 600. Is i a prime number?
True
Suppose -8*m - 2243 + 25451 = 0. Is m a prime number?
False
Suppose -243061 = 5*p - 10*p - 2*n, 194450 = 4*p + 2*n. Is p composite?
False
Suppose -15924 + 1987 = -7*f. Is f composite?
True
Let u = -493 - -14292. Is u a composite number?
False
Let k(b) = 906*b**2 - 7*b + 77. Is k(12) a prime number?
True
Let r(m) = m**2 + 5*m - 3. Let s be r(-6). Suppose s*j - 2*w - 2665 = 0, 0 = -j + 5*j + w - 3546. Is j a composite number?
False
Is (0/1 + -2)/(28/(-12278)) composite?
False
Let i = 4525 + -2888. Is i prime?
True
Suppose 0 = -3*s + v + 13915, 2*s = -3*v + 14310 - 5048. Is s a prime number?
True
Is 12202*(2 - 1)*(-5)/(-10) a prime number?
True
Let l be 5/((-60)/(-13616)) - (-3)/9. Suppose -3*z = -2*n - l, z + 2*n - 325 = 56. Is z a composite number?
False
Let c(n) = -3*n**3 - 10*n**2 + 6*n + 14. Is c(-7) a composite number?
True
Let y(f) = -163*f - 2. Let t = 1 - 4. Let u be y(t). Suppose 4*n + 0*n = d - 125, -4*d + 3*n = -u. Is d a prime number?
False
Let w(u) = -33*u**3 + 16*u**2 + 2*u - 62. Is w(-15) a prime number?
True
Let b(p) = p - 1. Let t be b(3). Suppose -4*h = -4*y + 744, y = -5*h - t + 194. Is y prime?
False
Let x(t) = 2*t**2 - 6*t - 1. Let j = 6 - 5. Let a(g) = -9*g**3 - g + 1. Let y be a(j). Is x(y) prime?
False
Let r(t) = -t**2 - 174*t - 184. Is r(-41) a composite number?
True
Suppose -19*l + 28*l = 46449. Is l prime?
False
Let p = 42001 - -190. Is p a prime number?
False
Let j(z) = z**2 + 9*z + 11. Let c be j(-6). Let t(d) = -231*d + 4. Is t(c) composite?
False
Suppose -29*m - 61138 = -43*m. Is m a prime number?
False
Let h(s) = -1049*s + 5. Is h(-6) composite?
False
Let k(s) = 2*s**3 - 5*s**2 - 6*s - 5. Let o be (7/14)/(2/(-24)). Let j be o/4 + 45/6. Is k(j) prime?
True
Let a be (-1 - -3 - 18)*-135. Suppose -5*q + q = -a. Let j = q - 283. Is j a composite number?
False
Let c(l) = -l - 4. Suppose 2*p + 2 = -6. Let t be c(p). Suppose -3*r + r + 124 = t. Is r a composite number?
True
Let s be 0 - ((-22)/7 - (-5)/35). Is ((-2762)/s)/(0 - 2/3) a prime number?
True
Let f = -14789 - -21603. Is f a composite number?
True
Let j(d) = 15*d**3 - 5*d**2 - 8*d + 17. Suppose 2*w = 5*k - 40, 0 = -2*k + 3*k + 4*w + 14. Is j(k) a prime number?
False
Let c(d) = 10*d**2 - 4*d + 53. Is c(-18) a composite number?
True
Suppose 3*d - 1368 - 1986 = 0. Let u = -699 + d. Is u a prime number?
True
Is (-3 - -334)*(-1)/(-1 - 0) composite?
False
Let z = 10 + 8. Let x = z + -13. Suppose -3*h - 2*i = -0*i - 1931, x*h - 4*i = 3189. Is h composite?
False
Let k = -36 - -37. Is (-1 + 0 - 720/(-4))*k a composite number?
False
Let w(r) be the second derivative of 2*r**5/5 - 2*r**4/3 + 5*r**3/6 - 5*r**2 - r. Suppose -21 = -i - 4*u, 9*i - 27 = 6*i - 3*u. Is w(i) prime?
False
Let l = 4504 - 2835. Is l a composite number?
False
Is (23957/7)/(88/616) a prime number?
True
Suppose -1536*q + 1540*q = 355604. Is q a composite number?
True
Let k(l) = 8*l + 11. Let y be ((-7)/(-3))/((-1)/(-6)). Let u = y - 5. Is k(u) composite?
False
Suppose 3*n + 10 = 5*j, 3*n + 4*j - 8 = -2*n. Suppose 2*m - 5*d - 2107 = n, 5*m - 2116 = 3*m + 2*d. Is m a prime number?
True
Suppose -f = -2*s - 13325, 4*s + 7 = 11. Is f a prime number?
True
Let f be ((-3)/(-9))/((-2)/(-18)) - -67. Suppose 4*b - f = 3*b + 4*g, 3*g + 183 = 3*b. Is b composite?
True
Is 18701*(-5 - 3)/(-8) a prime number?
True
Is 574816/160 - 4/(-10) composite?
False
Let g(f) = f**3 + 56*f**2 - 24*f - 19. Is g(-26) a 